{"id":659,"date":"2020-09-21T08:59:20","date_gmt":"2020-09-21T08:59:20","guid":{"rendered":"https:\/\/mojorah.rs\/?page_id=659"},"modified":"2021-10-01T09:22:28","modified_gmt":"2021-10-01T09:22:28","slug":"galerija-moj-zasad-nemenikuce","status":"publish","type":"page","link":"https:\/\/mojorah.rs\/?page_id=659","title":{"rendered":"Galerija &#8212; moj zasad Nemeniku\u0107e"},"content":{"rendered":"\n<h2>Moj zasad Nemeniku\u0107e 0 godina<\/h2>\n\n\n\n<figure class=\"wp-block-gallery columns-3 is-cropped\"><ul class=\"blocks-gallery-grid\"><li class=\"blocks-gallery-item\"><figure><img loading=\"lazy\" width=\"1024\" height=\"768\" src=\"https:\/\/mojorah.rs\/wp-content\/uploads\/2021\/10\/1-1024x768.jpg\" alt=\"\" data-id=\"897\" data-full-url=\"https:\/\/mojorah.rs\/wp-content\/uploads\/2021\/10\/1.jpg\" data-link=\"https:\/\/mojorah.rs\/?attachment_id=897\" class=\"wp-image-897\" srcset=\"https:\/\/mojorah.rs\/wp-content\/uploads\/2021\/10\/1-1024x768.jpg 1024w, https:\/\/mojorah.rs\/wp-content\/uploads\/2021\/10\/1-300x225.jpg 300w, https:\/\/mojorah.rs\/wp-content\/uploads\/2021\/10\/1-768x576.jpg 768w, https:\/\/mojorah.rs\/wp-content\/uploads\/2021\/10\/1.jpg 1280w\" sizes=\"(max-width: 1024px) 100vw, 1024px\" \/><figcaption class=\"blocks-gallery-item__caption\">Pre sadnje<\/figcaption><\/figure><\/li><li class=\"blocks-gallery-item\"><figure><img loading=\"lazy\" width=\"1024\" height=\"768\" src=\"https:\/\/mojorah.rs\/wp-content\/uploads\/2021\/10\/2-1024x768.jpg\" alt=\"\" data-id=\"898\" data-full-url=\"https:\/\/mojorah.rs\/wp-content\/uploads\/2021\/10\/2.jpg\" data-link=\"https:\/\/mojorah.rs\/?attachment_id=898\" class=\"wp-image-898\" srcset=\"https:\/\/mojorah.rs\/wp-content\/uploads\/2021\/10\/2-1024x768.jpg 1024w, https:\/\/mojorah.rs\/wp-content\/uploads\/2021\/10\/2-300x225.jpg 300w, https:\/\/mojorah.rs\/wp-content\/uploads\/2021\/10\/2-768x576.jpg 768w, https:\/\/mojorah.rs\/wp-content\/uploads\/2021\/10\/2-1536x1152.jpg 1536w, https:\/\/mojorah.rs\/wp-content\/uploads\/2021\/10\/2.jpg 2016w\" sizes=\"(max-width: 1024px) 100vw, 1024px\" \/><figcaption class=\"blocks-gallery-item__caption\">Oranje<\/figcaption><\/figure><\/li><li class=\"blocks-gallery-item\"><figure><img loading=\"lazy\" width=\"768\" height=\"1024\" src=\"https:\/\/mojorah.rs\/wp-content\/uploads\/2021\/10\/3-768x1024.jpg\" alt=\"\" data-id=\"899\" data-full-url=\"https:\/\/mojorah.rs\/wp-content\/uploads\/2021\/10\/3-rotated.jpg\" data-link=\"https:\/\/mojorah.rs\/?attachment_id=899\" class=\"wp-image-899\" srcset=\"https:\/\/mojorah.rs\/wp-content\/uploads\/2021\/10\/3-768x1024.jpg 768w, https:\/\/mojorah.rs\/wp-content\/uploads\/2021\/10\/3-225x300.jpg 225w, https:\/\/mojorah.rs\/wp-content\/uploads\/2021\/10\/3-1152x1536.jpg 1152w, https:\/\/mojorah.rs\/wp-content\/uploads\/2021\/10\/3-rotated.jpg 1512w\" sizes=\"(max-width: 768px) 100vw, 768px\" \/><figcaption class=\"blocks-gallery-item__caption\">Kopanje rupa<\/figcaption><\/figure><\/li><li class=\"blocks-gallery-item\"><figure><img loading=\"lazy\" width=\"768\" height=\"1024\" src=\"https:\/\/mojorah.rs\/wp-content\/uploads\/2021\/10\/4-768x1024.jpg\" alt=\"\" data-id=\"900\" data-full-url=\"https:\/\/mojorah.rs\/wp-content\/uploads\/2021\/10\/4-rotated.jpg\" data-link=\"https:\/\/mojorah.rs\/?attachment_id=900\" class=\"wp-image-900\" srcset=\"https:\/\/mojorah.rs\/wp-content\/uploads\/2021\/10\/4-768x1024.jpg 768w, https:\/\/mojorah.rs\/wp-content\/uploads\/2021\/10\/4-225x300.jpg 225w, https:\/\/mojorah.rs\/wp-content\/uploads\/2021\/10\/4-1152x1536.jpg 1152w, https:\/\/mojorah.rs\/wp-content\/uploads\/2021\/10\/4-rotated.jpg 1512w\" sizes=\"(max-width: 768px) 100vw, 768px\" \/><figcaption class=\"blocks-gallery-item__caption\">Kopanje bunara<\/figcaption><\/figure><\/li><li class=\"blocks-gallery-item\"><figure><img loading=\"lazy\" width=\"1024\" height=\"768\" src=\"https:\/\/mojorah.rs\/wp-content\/uploads\/2021\/10\/5-1024x768.jpg\" alt=\"\" data-id=\"901\" data-full-url=\"https:\/\/mojorah.rs\/wp-content\/uploads\/2021\/10\/5.jpg\" data-link=\"https:\/\/mojorah.rs\/?attachment_id=901\" class=\"wp-image-901\" srcset=\"https:\/\/mojorah.rs\/wp-content\/uploads\/2021\/10\/5-1024x768.jpg 1024w, https:\/\/mojorah.rs\/wp-content\/uploads\/2021\/10\/5-300x225.jpg 300w, https:\/\/mojorah.rs\/wp-content\/uploads\/2021\/10\/5-768x576.jpg 768w, https:\/\/mojorah.rs\/wp-content\/uploads\/2021\/10\/5-1536x1152.jpg 1536w, https:\/\/mojorah.rs\/wp-content\/uploads\/2021\/10\/5.jpg 2016w\" sizes=\"(max-width: 1024px) 100vw, 1024px\" \/><figcaption class=\"blocks-gallery-item__caption\">Zavr\u0161ena sadnja <\/figcaption><\/figure><\/li><\/ul><\/figure>\n\n\n\n<hr class=\"wp-block-separator\"\/>\n\n\n\n<h2>Moj zasad Nemeniku\u0107e I godina<\/h2>\n\n\n\n<figure class=\"wp-block-gallery columns-3 is-cropped\"><ul class=\"blocks-gallery-grid\"><li class=\"blocks-gallery-item\"><figure><img loading=\"lazy\" width=\"768\" height=\"1024\" src=\"https:\/\/mojorah.rs\/wp-content\/uploads\/2021\/10\/IMG_3787-768x1024.jpg\" alt=\"\" data-id=\"891\" data-link=\"https:\/\/mojorah.rs\/?attachment_id=891\" class=\"wp-image-891\" srcset=\"https:\/\/mojorah.rs\/wp-content\/uploads\/2021\/10\/IMG_3787-768x1024.jpg 768w, https:\/\/mojorah.rs\/wp-content\/uploads\/2021\/10\/IMG_3787-225x300.jpg 225w, https:\/\/mojorah.rs\/wp-content\/uploads\/2021\/10\/IMG_3787-1152x1536.jpg 1152w, https:\/\/mojorah.rs\/wp-content\/uploads\/2021\/10\/IMG_3787-rotated.jpg 1512w\" sizes=\"(max-width: 768px) 100vw, 768px\" \/><figcaption class=\"blocks-gallery-item__caption\">Postavljanje cevi za navodnjavanje<\/figcaption><\/figure><\/li><li class=\"blocks-gallery-item\"><figure><img loading=\"lazy\" width=\"768\" height=\"1024\" src=\"https:\/\/mojorah.rs\/wp-content\/uploads\/2021\/10\/IMG_3843-768x1024.jpg\" alt=\"\" data-id=\"892\" data-link=\"https:\/\/mojorah.rs\/?attachment_id=892\" class=\"wp-image-892\" srcset=\"https:\/\/mojorah.rs\/wp-content\/uploads\/2021\/10\/IMG_3843-768x1024.jpg 768w, https:\/\/mojorah.rs\/wp-content\/uploads\/2021\/10\/IMG_3843-225x300.jpg 225w, https:\/\/mojorah.rs\/wp-content\/uploads\/2021\/10\/IMG_3843-1152x1536.jpg 1152w, https:\/\/mojorah.rs\/wp-content\/uploads\/2021\/10\/IMG_3843-rotated.jpg 1512w\" sizes=\"(max-width: 768px) 100vw, 768px\" \/><figcaption class=\"blocks-gallery-item__caption\">Po\u010detak I vegetacije<\/figcaption><\/figure><\/li><li class=\"blocks-gallery-item\"><figure><img loading=\"lazy\" width=\"1024\" height=\"576\" src=\"https:\/\/mojorah.rs\/wp-content\/uploads\/2021\/10\/IMG_4390-1024x576.jpg\" alt=\"\" data-id=\"894\" data-link=\"https:\/\/mojorah.rs\/?attachment_id=894\" class=\"wp-image-894\" srcset=\"https:\/\/mojorah.rs\/wp-content\/uploads\/2021\/10\/IMG_4390-1024x576.jpg 1024w, https:\/\/mojorah.rs\/wp-content\/uploads\/2021\/10\/IMG_4390-300x169.jpg 300w, https:\/\/mojorah.rs\/wp-content\/uploads\/2021\/10\/IMG_4390-768x432.jpg 768w, https:\/\/mojorah.rs\/wp-content\/uploads\/2021\/10\/IMG_4390.jpg 1280w\" sizes=\"(max-width: 1024px) 100vw, 1024px\" \/><figcaption class=\"blocks-gallery-item__caption\">Tanjiranje<\/figcaption><\/figure><\/li><li class=\"blocks-gallery-item\"><figure><img loading=\"lazy\" width=\"1024\" height=\"768\" src=\"https:\/\/mojorah.rs\/wp-content\/uploads\/2021\/10\/IMG_4623-1024x768.jpg\" alt=\"\" data-id=\"895\" data-link=\"https:\/\/mojorah.rs\/?attachment_id=895\" class=\"wp-image-895\" srcset=\"https:\/\/mojorah.rs\/wp-content\/uploads\/2021\/10\/IMG_4623-1024x768.jpg 1024w, https:\/\/mojorah.rs\/wp-content\/uploads\/2021\/10\/IMG_4623-300x225.jpg 300w, https:\/\/mojorah.rs\/wp-content\/uploads\/2021\/10\/IMG_4623-768x576.jpg 768w, https:\/\/mojorah.rs\/wp-content\/uploads\/2021\/10\/IMG_4623-1536x1152.jpg 1536w, https:\/\/mojorah.rs\/wp-content\/uploads\/2021\/10\/IMG_4623.jpg 2016w\" sizes=\"(max-width: 1024px) 100vw, 1024px\" \/><figcaption class=\"blocks-gallery-item__caption\">Mulchiranje<\/figcaption><\/figure><\/li><li class=\"blocks-gallery-item\"><figure><img loading=\"lazy\" width=\"1024\" height=\"768\" src=\"https:\/\/mojorah.rs\/wp-content\/uploads\/2021\/10\/1-1-1024x768.jpg\" alt=\"\" data-id=\"902\" data-full-url=\"https:\/\/mojorah.rs\/wp-content\/uploads\/2021\/10\/1-1.jpg\" data-link=\"https:\/\/mojorah.rs\/?attachment_id=902\" class=\"wp-image-902\" srcset=\"https:\/\/mojorah.rs\/wp-content\/uploads\/2021\/10\/1-1-1024x768.jpg 1024w, https:\/\/mojorah.rs\/wp-content\/uploads\/2021\/10\/1-1-300x225.jpg 300w, https:\/\/mojorah.rs\/wp-content\/uploads\/2021\/10\/1-1-768x576.jpg 768w, https:\/\/mojorah.rs\/wp-content\/uploads\/2021\/10\/1-1-1536x1152.jpg 1536w, https:\/\/mojorah.rs\/wp-content\/uploads\/2021\/10\/1-1.jpg 2016w\" sizes=\"(max-width: 1024px) 100vw, 1024px\" \/><figcaption class=\"blocks-gallery-item__caption\">Radno<\/figcaption><\/figure><\/li><li class=\"blocks-gallery-item\"><figure><img loading=\"lazy\" width=\"1024\" height=\"768\" src=\"https:\/\/mojorah.rs\/wp-content\/uploads\/2021\/10\/4-1-1024x768.jpg\" alt=\"\" data-id=\"905\" data-full-url=\"https:\/\/mojorah.rs\/wp-content\/uploads\/2021\/10\/4-1.jpg\" data-link=\"https:\/\/mojorah.rs\/?attachment_id=905\" class=\"wp-image-905\" srcset=\"https:\/\/mojorah.rs\/wp-content\/uploads\/2021\/10\/4-1-1024x768.jpg 1024w, https:\/\/mojorah.rs\/wp-content\/uploads\/2021\/10\/4-1-300x225.jpg 300w, https:\/\/mojorah.rs\/wp-content\/uploads\/2021\/10\/4-1-768x576.jpg 768w, https:\/\/mojorah.rs\/wp-content\/uploads\/2021\/10\/4-1-1536x1152.jpg 1536w, https:\/\/mojorah.rs\/wp-content\/uploads\/2021\/10\/4-1.jpg 2016w\" sizes=\"(max-width: 1024px) 100vw, 1024px\" \/><figcaption class=\"blocks-gallery-item__caption\">Ku\u0107ica<\/figcaption><\/figure><\/li><li class=\"blocks-gallery-item\"><figure><img loading=\"lazy\" width=\"1024\" height=\"768\" src=\"https:\/\/mojorah.rs\/wp-content\/uploads\/2021\/10\/IMG_4855-1024x768.jpg\" alt=\"\" data-id=\"896\" data-link=\"https:\/\/mojorah.rs\/?attachment_id=896\" class=\"wp-image-896\" srcset=\"https:\/\/mojorah.rs\/wp-content\/uploads\/2021\/10\/IMG_4855-1024x768.jpg 1024w, https:\/\/mojorah.rs\/wp-content\/uploads\/2021\/10\/IMG_4855-300x225.jpg 300w, https:\/\/mojorah.rs\/wp-content\/uploads\/2021\/10\/IMG_4855-768x576.jpg 768w, https:\/\/mojorah.rs\/wp-content\/uploads\/2021\/10\/IMG_4855-1536x1152.jpg 1536w, https:\/\/mojorah.rs\/wp-content\/uploads\/2021\/10\/IMG_4855.jpg 2016w\" sizes=\"(max-width: 1024px) 100vw, 1024px\" \/><figcaption class=\"blocks-gallery-item__caption\">Mulchiranje<\/figcaption><\/figure><\/li><li class=\"blocks-gallery-item\"><figure><img loading=\"lazy\" width=\"1024\" height=\"768\" src=\"https:\/\/mojorah.rs\/wp-content\/uploads\/2021\/10\/2-1-1024x768.jpg\" alt=\"\" data-id=\"903\" data-full-url=\"https:\/\/mojorah.rs\/wp-content\/uploads\/2021\/10\/2-1.jpg\" data-link=\"https:\/\/mojorah.rs\/?attachment_id=903\" class=\"wp-image-903\" srcset=\"https:\/\/mojorah.rs\/wp-content\/uploads\/2021\/10\/2-1-1024x768.jpg 1024w, https:\/\/mojorah.rs\/wp-content\/uploads\/2021\/10\/2-1-300x225.jpg 300w, https:\/\/mojorah.rs\/wp-content\/uploads\/2021\/10\/2-1-768x576.jpg 768w, https:\/\/mojorah.rs\/wp-content\/uploads\/2021\/10\/2-1-1536x1152.jpg 1536w, https:\/\/mojorah.rs\/wp-content\/uploads\/2021\/10\/2-1.jpg 2016w\" sizes=\"(max-width: 1024px) 100vw, 1024px\" \/><figcaption class=\"blocks-gallery-item__caption\">Pro\u0161irivanje zasada<\/figcaption><\/figure><\/li><\/ul><\/figure>\n\n\n\n<hr class=\"wp-block-separator\"\/>\n\n\n\n<h2>Moj zasad Nemeniku\u0107e II godina<\/h2>\n\n\n\n<p><\/p>\n\n\n\n<figure class=\"wp-block-gallery columns-3 is-cropped\"><ul class=\"blocks-gallery-grid\"><li class=\"blocks-gallery-item\"><figure><img loading=\"lazy\" width=\"768\" height=\"1024\" src=\"https:\/\/mojorah.rs\/wp-content\/uploads\/2021\/10\/6-768x1024.jpg\" alt=\"\" data-id=\"907\" data-link=\"https:\/\/mojorah.rs\/?attachment_id=907\" class=\"wp-image-907\" srcset=\"https:\/\/mojorah.rs\/wp-content\/uploads\/2021\/10\/6-768x1024.jpg 768w, https:\/\/mojorah.rs\/wp-content\/uploads\/2021\/10\/6-225x300.jpg 225w, https:\/\/mojorah.rs\/wp-content\/uploads\/2021\/10\/6-1152x1536.jpg 1152w, https:\/\/mojorah.rs\/wp-content\/uploads\/2021\/10\/6-rotated.jpg 1512w\" sizes=\"(max-width: 768px) 100vw, 768px\" \/><figcaption class=\"blocks-gallery-item__caption\">Po\u010detak II vegetacije<\/figcaption><\/figure><\/li><li class=\"blocks-gallery-item\"><figure><img loading=\"lazy\" width=\"1024\" height=\"768\" src=\"https:\/\/mojorah.rs\/wp-content\/uploads\/2021\/10\/8-1024x768.jpg\" alt=\"\" data-id=\"909\" data-link=\"https:\/\/mojorah.rs\/?attachment_id=909\" class=\"wp-image-909\" srcset=\"https:\/\/mojorah.rs\/wp-content\/uploads\/2021\/10\/8-1024x768.jpg 1024w, https:\/\/mojorah.rs\/wp-content\/uploads\/2021\/10\/8-300x225.jpg 300w, https:\/\/mojorah.rs\/wp-content\/uploads\/2021\/10\/8-768x576.jpg 768w, https:\/\/mojorah.rs\/wp-content\/uploads\/2021\/10\/8-1536x1152.jpg 1536w, https:\/\/mojorah.rs\/wp-content\/uploads\/2021\/10\/8.jpg 2016w\" sizes=\"(max-width: 1024px) 100vw, 1024px\" \/><figcaption class=\"blocks-gallery-item__caption\">Mulchiranje<\/figcaption><\/figure><\/li><li class=\"blocks-gallery-item\"><figure><img loading=\"lazy\" width=\"1024\" height=\"768\" src=\"https:\/\/mojorah.rs\/wp-content\/uploads\/2021\/10\/9-1024x768.jpg\" alt=\"\" data-id=\"910\" data-link=\"https:\/\/mojorah.rs\/?attachment_id=910\" class=\"wp-image-910\" srcset=\"https:\/\/mojorah.rs\/wp-content\/uploads\/2021\/10\/9-1024x768.jpg 1024w, https:\/\/mojorah.rs\/wp-content\/uploads\/2021\/10\/9-300x225.jpg 300w, https:\/\/mojorah.rs\/wp-content\/uploads\/2021\/10\/9-768x576.jpg 768w, https:\/\/mojorah.rs\/wp-content\/uploads\/2021\/10\/9-1536x1152.jpg 1536w, https:\/\/mojorah.rs\/wp-content\/uploads\/2021\/10\/9-rotated.jpg 2016w\" sizes=\"(max-width: 1024px) 100vw, 1024px\" \/><figcaption class=\"blocks-gallery-item__caption\">Mulchiranje<\/figcaption><\/figure><\/li><li class=\"blocks-gallery-item\"><figure><img loading=\"lazy\" width=\"768\" height=\"1024\" src=\"https:\/\/mojorah.rs\/wp-content\/uploads\/2021\/10\/1-2-768x1024.jpg\" alt=\"\" data-id=\"911\" data-full-url=\"https:\/\/mojorah.rs\/wp-content\/uploads\/2021\/10\/1-2-scaled.jpg\" data-link=\"https:\/\/mojorah.rs\/?attachment_id=911\" class=\"wp-image-911\" srcset=\"https:\/\/mojorah.rs\/wp-content\/uploads\/2021\/10\/1-2-768x1024.jpg 768w, https:\/\/mojorah.rs\/wp-content\/uploads\/2021\/10\/1-2-225x300.jpg 225w, https:\/\/mojorah.rs\/wp-content\/uploads\/2021\/10\/1-2-1152x1536.jpg 1152w, https:\/\/mojorah.rs\/wp-content\/uploads\/2021\/10\/1-2-1536x2048.jpg 1536w, https:\/\/mojorah.rs\/wp-content\/uploads\/2021\/10\/1-2-scaled.jpg 1920w\" sizes=\"(max-width: 768px) 100vw, 768px\" \/><figcaption class=\"blocks-gallery-item__caption\">Kraj II vegetacije<\/figcaption><\/figure><\/li><li class=\"blocks-gallery-item\"><figure><img loading=\"lazy\" width=\"1024\" height=\"768\" src=\"https:\/\/mojorah.rs\/wp-content\/uploads\/2021\/10\/2-2-1024x768.jpg\" alt=\"\" data-id=\"912\" data-full-url=\"https:\/\/mojorah.rs\/wp-content\/uploads\/2021\/10\/2-2-scaled.jpg\" data-link=\"https:\/\/mojorah.rs\/?attachment_id=912\" class=\"wp-image-912\" srcset=\"https:\/\/mojorah.rs\/wp-content\/uploads\/2021\/10\/2-2-1024x768.jpg 1024w, https:\/\/mojorah.rs\/wp-content\/uploads\/2021\/10\/2-2-300x225.jpg 300w, https:\/\/mojorah.rs\/wp-content\/uploads\/2021\/10\/2-2-768x576.jpg 768w, https:\/\/mojorah.rs\/wp-content\/uploads\/2021\/10\/2-2-1536x1152.jpg 1536w, https:\/\/mojorah.rs\/wp-content\/uploads\/2021\/10\/2-2-2048x1536.jpg 2048w\" sizes=\"(max-width: 1024px) 100vw, 1024px\" \/><figcaption class=\"blocks-gallery-item__caption\">Ogradjivanje zasada<\/figcaption><\/figure><\/li><li class=\"blocks-gallery-item\"><figure><img loading=\"lazy\" width=\"1024\" height=\"768\" src=\"https:\/\/mojorah.rs\/wp-content\/uploads\/2021\/10\/3-2-1024x768.jpg\" alt=\"\" data-id=\"913\" data-full-url=\"https:\/\/mojorah.rs\/wp-content\/uploads\/2021\/10\/3-2-scaled.jpg\" data-link=\"https:\/\/mojorah.rs\/?attachment_id=913\" class=\"wp-image-913\" srcset=\"https:\/\/mojorah.rs\/wp-content\/uploads\/2021\/10\/3-2-1024x768.jpg 1024w, https:\/\/mojorah.rs\/wp-content\/uploads\/2021\/10\/3-2-300x225.jpg 300w, https:\/\/mojorah.rs\/wp-content\/uploads\/2021\/10\/3-2-768x576.jpg 768w, https:\/\/mojorah.rs\/wp-content\/uploads\/2021\/10\/3-2-1536x1152.jpg 1536w, https:\/\/mojorah.rs\/wp-content\/uploads\/2021\/10\/3-2-2048x1536.jpg 2048w\" sizes=\"(max-width: 1024px) 100vw, 1024px\" \/><figcaption class=\"blocks-gallery-item__caption\">Pro\u0161irenje zasada<\/figcaption><\/figure><\/li><li class=\"blocks-gallery-item\"><figure><img loading=\"lazy\" width=\"1024\" height=\"768\" src=\"https:\/\/mojorah.rs\/wp-content\/uploads\/2021\/10\/4-2-1024x768.jpg\" alt=\"\" data-id=\"914\" data-full-url=\"https:\/\/mojorah.rs\/wp-content\/uploads\/2021\/10\/4-2-scaled.jpg\" data-link=\"https:\/\/mojorah.rs\/?attachment_id=914\" class=\"wp-image-914\" srcset=\"https:\/\/mojorah.rs\/wp-content\/uploads\/2021\/10\/4-2-1024x768.jpg 1024w, https:\/\/mojorah.rs\/wp-content\/uploads\/2021\/10\/4-2-300x225.jpg 300w, https:\/\/mojorah.rs\/wp-content\/uploads\/2021\/10\/4-2-768x576.jpg 768w, https:\/\/mojorah.rs\/wp-content\/uploads\/2021\/10\/4-2-1536x1152.jpg 1536w, https:\/\/mojorah.rs\/wp-content\/uploads\/2021\/10\/4-2-2048x1536.jpg 2048w\" sizes=\"(max-width: 1024px) 100vw, 1024px\" \/><figcaption class=\"blocks-gallery-item__caption\">Radno<\/figcaption><\/figure><\/li><\/ul><\/figure>\n\n\n\n<hr class=\"wp-block-separator\"\/>\n\n\n\n<p><\/p>\n","protected":false},"excerpt":{"rendered":"<p>Moj zasad Nemeniku\u0107e 0 godina Moj zasad Nemeniku\u0107e I godina Moj zasad Nemeniku\u0107e II godina&hellip;<\/p>\n","protected":false},"author":1,"featured_media":0,"parent":0,"menu_order":0,"comment_status":"closed","ping_status":"closed","template":"template.one-page.php","meta":[],"_links":{"self":[{"href":"https:\/\/mojorah.rs\/index.php?rest_route=\/wp\/v2\/pages\/659"}],"collection":[{"href":"https:\/\/mojorah.rs\/index.php?rest_route=\/wp\/v2\/pages"}],"about":[{"href":"https:\/\/mojorah.rs\/index.php?rest_route=\/wp\/v2\/types\/page"}],"author":[{"embeddable":true,"href":"https:\/\/mojorah.rs\/index.php?rest_route=\/wp\/v2\/users\/1"}],"replies":[{"embeddable":true,"href":"https:\/\/mojorah.rs\/index.php?rest_route=%2Fwp%2Fv2%2Fcomments&post=659"}],"version-history":[{"count":6,"href":"https:\/\/mojorah.rs\/index.php?rest_route=\/wp\/v2\/pages\/659\/revisions"}],"predecessor-version":[{"id":918,"href":"https:\/\/mojorah.rs\/index.php?rest_route=\/wp\/v2\/pages\/659\/revisions\/918"}],"wp:attachment":[{"href":"https:\/\/mojorah.rs\/index.php?rest_route=%2Fwp%2Fv2%2Fmedia&parent=659"}],"curies":[{"name":"wp","href":"https:\/\/api.w.org\/{rel}","templated":true}]}}